6.
63
What is the remainder when 367619 is divided by 4006?
3073
What is the remainder when 2181427 is divided by 3166?
53
What is the remainder when 1890738 is divided by 2822?
2820
Calculate the remainder when 3646371 is divided by 109.
103
Calculate the remainder when 2587256 is divided by 862410.
26
Calculate the remainder when 502773 is divided by 258.
189
What is the remainder when 16390 is divided by 4304?
3478
What is the remainder when 52558 is divided by 106?
88
Calculate the remainder when 200067497 is divided by 5065.
5062
Calculate the remainder when 571809 is divided by 1895.
1414
Calculate the remainder when 99124493 is divided by 33041494.
11
What is the remainder when 66756 is divided by 4211?
3591
What is the remainder when 4911314 is divided by 13?
5
Calculate the remainder when 60422938 is divided by 3660.
3658
Calculate the remainder when 43073 is divided by 1436.
1429
What is the remainder when 4231933 is divided by 604558?
27
Calculate the remainder when 1065849 is divided by 152262.
15
What is the remainder when 1918911 is divided by 963?
615
Calculate the remainder when 1332079 is divided by 11475.
979
What is the remainder when 143537 is divided by 2406?
1583
What is the remainder when 66546 is divided by 20204?
5934
Calculate the remainder when 10674921 is divided by 3558306.
3
Calculate the remainder when 1917592 is divided by 7101.
322
What is the remainder when 170321 is divided by 42088?
1969
Calculate the remainder when 880872 is divided by 968.
960
What is the remainder when 40081947 is divided by 4574?
4559
Calculate the remainder when 107563 is divided by 20297.
6078
Calculate the remainder when 8130932 is divided by 4065413.
106
Calculate the remainder when 6576265 is divided by 3288127.
11
Calculate the remainder when 25731001 is divided by 29644.
9
Calculate the remainder when 29959 is divided by 14952.
55
Calculate the remainder when 38631 is divided by 7639.
436
What is the remainder when 7776417 is divided by 457436?
5
What is the remainder when 72966382 is divided by 24?
22
Calculate the remainder when 10042830 is divided by 3347610.
0
What is the remainder when 129716 is divided by 229?
102
What is the remainder when 479986 is divided by 260?
26
What is the remainder when 116810 is divided by 2764?
722
What is the remainder when 11343 is divided by 435?
33
What is the remainder when 231537 is divided by 115626?
285
Calculate the remainder when 767997 is divided by 458.
389
What is the remainder when 553714602 is divided by 69214324?
10
What is the remainder when 31582342 is divided by 37?
30
What is the remainder when 3656604 is divided by 7357?
175
What is the remainder when 21183 is divided by 6973?
264
What is the remainder when 3284951 is divided by 547382?
659
What is the remainder when 19381138 is divided by 743?
726
Calculate the remainder when 3471043 is divided by 54235.
3
Calculate the remainder when 3798414 is divided by 118.
112
Calculate the remainder when 3375324 is divided by 663.
654
Calculate the remainder when 12603 is divided by 6282.
39
What is the remainder when 62102 is divided by 61665?
437
What is the remainder when 258175 is divided by 12294?
1
Calculate the remainder when 7957207 is divided by 114.
7
What is the remainder when 1313914 is divided by 3147?
1615
Calculate the remainder when 5279 is divided by 5208.
71
Calculate the remainder when 123541 is divided by 257.
181
Calculate the remainder when 193419 is divided by 2.
1
What is the remainder when 6259 is divided by 2133?
1993
Calculate the remainder when 8726774 is divided by 170.
164
Calculate the remainder when 37680 is divided by 18797.
86
Calculate the remainder when 11395 is divided by 1627.
6
What is the remainder when 14800241 is divided by 12?
5
What is the remainder when 13081128 is divided by 755?
753
What is the remainder when 13338158 is divided by 351004?
6
What is the remainder when 258837 is divided by 1977?
1827
What is the remainder when 147347 is divided by 329?
284
What is the remainder when 123304 is divided by 15270?
1144
What is the remainder when 180600 is divided by 4206?
3948
Calculate the remainder when 2954194 is divided by 2954194.
0
What is the remainder when 1199585 is divided by 598?
595
Calculate the remainder when 5980418 is divided by 45.
8
Calculate the remainder when 1334541 is divided by 51328.
13
Calculate the remainder when 1578170 is divided by 394338.
818
Calculate the remainder when 6699 is divided by 707.
336
What is the remainder when 1284131 is divided by 623?
128
What is the remainder when 330256 is divided by 55029?
82
Calculate the remainder when 194365749 is divided by 9604.
9601
Calculate the remainder when 187317 is divided by 17010.
207
Calculate the remainder when 4558199 is divided by 82.
65
What is the remainder when 9376469 is divided by 9376433?
36
What is the remainder when 1993853 is divided by 5260?
313
Calculate the remainder when 3189534 is divided by 30.
24
What is the remainder when 1834993 is divided by 611654?
31
Calculate the remainder when 7817299 is divided by 851.
13
What is the remainder when 993826 is divided by 383?
324
What is the remainder when 77934729 is divided by 204?
201
Calculate the remainder when 49170 is divided by 44560.
4610
Calculate the remainder when 24523 is divided by 229.
20
What is the remainder when 20215487 is divided by 62781?
5
Calculate the remainder when 165536 is divided by 12381.
4583
Calculate the remainder when 15840469 is divided by 880021.
91
What is the remainder when 13801695 is divided by 62?
61
Calculate the remainder when 4672031 is divided by 670.
121
Calculate the remainder when 135919937 is divided by 46.
11
Calculate the remainder when 134941459 is divided by 28.
23
What is the remainder when 33386 is divided by 32304?
1082
What is the remainder when 9559550 is divided by 793?
728
What is the remainder when 2771404 is divided by 8?
4
Calculate the remainder when 1612555 is divided by 31007.
191
Calculate the remainder when 7588647 is divided by 125.
22
Calculate the remainder when 2014476 is divided by 4807.
343
What is the remainder when 35170036 is divided by 1139?
1133
What is the remainder when 5775 is divided by 397?
217
Calculate the remainder when 115988 is divided by 19317.
86
What is the remainder when 293393665 is divided by 1244?
1241
What is the remainder when 6375 is divided by 6056?
319
Calculate the remainder when 194699 is divided by 81.
56
What is the remainder when 2967047 is divided by 588?
587
Calculate the remainder when 1568288 is divided by 1319.
1316
Calculate the remainder when 139219 is divided by 62.
29
What is the remainder when 681388 is divided by 10?
8
What is the remainder when 120009881 is divided by 1277?
1252
Calculate the remainder when 40523 is divided by 551.
300
What is the remainder when 3098696 is divided by 2991?
20
Calculate the remainder when 95910 is divided by 6578.
3818
What is the remainder when 21226 is divided by 2775?
1801
Calculate the remainder when 478343 is divided by 225.
218
What is the remainder when 37122888 is divided by 3871?
3869
Calculate the remainder when 3344314950 is divided by 88.
86
Calculate the remainder when 822452 is divided by 330.
92
Calculate the remainder when 3272322 is divided by 81.
3
Calculate the remainder when 137263597 is divided by 21.
16
Calculate the remainder when 445603 is divided by 11168.
10051
Calculate the remainder when 37297548 is divided by 235.
228
What is the remainder when 611822 is divided by 760?
22
What is the remainder when 59292 is divided by 29476?
340
Calculate the remainder when 53557781 is divided by 3150457.
12
What is the remainder when 6116755 is divided by 556067?
18
What is the remainder when 703815 is divided by 703813?
2
What is the remainder when 496337 is divided by 1914?
611
Calculate the remainder when 163039624 is divided by 103.
100
Calculate the remainder when 308696890 is divided by 161.
159
Calculate the remainder when 343802 is divided by 48389.
5079
What is the remainder when 117082 is divided by 38970?
172
Calculate the remainder when 200604 is divided by 4686.
3792
Calculate the remainder when 73129 is divided by 7263.
499
Calculate the remainder when 96135365 is divided by 10